{"id":1186,"date":"2023-05-19T21:43:57","date_gmt":"2023-05-20T00:43:57","guid":{"rendered":"http:\/\/ludces.com.br\/?page_id=1186"},"modified":"2023-05-19T21:56:21","modified_gmt":"2023-05-20T00:56:21","slug":"eventos","status":"publish","type":"page","link":"https:\/\/ludces.com.br\/?page_id=1186","title":{"rendered":"Eventos"},"content":{"rendered":"\n<div class=\"wp-block-cover alignfull\" style=\"min-height:668px\"><span aria-hidden=\"true\" class=\"wp-block-cover__background has-background-dim\"><\/span><img decoding=\"async\" loading=\"lazy\" width=\"1620\" height=\"1080\" class=\"wp-block-cover__image-background wp-image-1070\" alt=\"\" src=\"https:\/\/ludces.com.br\/wp-content\/uploads\/2023\/05\/eventos_festas_riodejaneiro_ludces-100.jpg\" style=\"object-position:59% 69%\" data-object-fit=\"cover\" data-object-position=\"59% 69%\" srcset=\"https:\/\/ludces.com.br\/wp-content\/uploads\/2023\/05\/eventos_festas_riodejaneiro_ludces-100.jpg 1620w, https:\/\/ludces.com.br\/wp-content\/uploads\/2023\/05\/eventos_festas_riodejaneiro_ludces-100-300x200.jpg 300w, https:\/\/ludces.com.br\/wp-content\/uploads\/2023\/05\/eventos_festas_riodejaneiro_ludces-100-1024x683.jpg 1024w, https:\/\/ludces.com.br\/wp-content\/uploads\/2023\/05\/eventos_festas_riodejaneiro_ludces-100-768x512.jpg 768w, https:\/\/ludces.com.br\/wp-content\/uploads\/2023\/05\/eventos_festas_riodejaneiro_ludces-100-1536x1024.jpg 1536w\" sizes=\"(max-width: 1620px) 100vw, 1620px\" \/><div class=\"wp-block-cover__inner-container\">\n<h1 class=\"wp-block-heading has-text-align-center has-x-large-font-size\">Eventos<\/h1>\n\n\n\n<p class=\"has-text-align-center\">S\u00e3o aqueles momentos inesquec\u00edveis que dividimos com pessoas incr\u00edveis! Nada como ter um registro disso tudo.<\/p>\n<\/div><\/div>\n\n\n\n<div style=\"height:45px\" aria-hidden=\"true\" class=\"wp-block-spacer\"><\/div>\n\n\n\n<figure class=\"wp-block-gallery has-nested-images columns-default is-cropped wp-block-gallery-1 is-layout-flex\">\n<figure class=\"wp-block-image size-large\"><img decoding=\"async\" loading=\"lazy\" width=\"683\" height=\"1024\" data-id=\"1036\"  src=\"https:\/\/ludces.com.br\/wp-content\/uploads\/2023\/05\/enzo_jun2021_ludcesfotografia-188.jpg\" alt=\"\" class=\"wp-image-1036\" srcset=\"https:\/\/ludces.com.br\/wp-content\/uploads\/2023\/05\/enzo_jun2021_ludcesfotografia-188.jpg 683w, https:\/\/ludces.com.br\/wp-content\/uploads\/2023\/05\/enzo_jun2021_ludcesfotografia-188-200x300.jpg 200w\" sizes=\"(max-width: 683px) 100vw, 683px\" \/><\/figure>\n\n\n\n<figure class=\"wp-block-image size-large\"><img decoding=\"async\" loading=\"lazy\" width=\"683\" height=\"1024\" data-id=\"1035\"  src=\"https:\/\/ludces.com.br\/wp-content\/uploads\/2023\/05\/enzo_jun2021_ludcesfotografia-187-Copia.jpg\" alt=\"\" class=\"wp-image-1035\" srcset=\"https:\/\/ludces.com.br\/wp-content\/uploads\/2023\/05\/enzo_jun2021_ludcesfotografia-187-Copia.jpg 683w, https:\/\/ludces.com.br\/wp-content\/uploads\/2023\/05\/enzo_jun2021_ludcesfotografia-187-Copia-200x300.jpg 200w\" sizes=\"(max-width: 683px) 100vw, 683px\" \/><\/figure>\n\n\n\n<figure class=\"wp-block-image size-large\"><img decoding=\"async\" loading=\"lazy\" width=\"683\" height=\"1024\" data-id=\"1037\"  src=\"https:\/\/ludces.com.br\/wp-content\/uploads\/2023\/05\/enzo_jun2021_ludcesfotografia-190.jpg\" alt=\"\" class=\"wp-image-1037\" srcset=\"https:\/\/ludces.com.br\/wp-content\/uploads\/2023\/05\/enzo_jun2021_ludcesfotografia-190.jpg 683w, https:\/\/ludces.com.br\/wp-content\/uploads\/2023\/05\/enzo_jun2021_ludcesfotografia-190-200x300.jpg 200w\" sizes=\"(max-width: 683px) 100vw, 683px\" \/><\/figure>\n\n\n\n<figure class=\"wp-block-image size-large\"><img decoding=\"async\" loading=\"lazy\" width=\"683\" height=\"1024\" data-id=\"1033\"  src=\"https:\/\/ludces.com.br\/wp-content\/uploads\/2023\/05\/enzo_jun2021_ludcesfotografia-141.jpg\" alt=\"\" class=\"wp-image-1033\" srcset=\"https:\/\/ludces.com.br\/wp-content\/uploads\/2023\/05\/enzo_jun2021_ludcesfotografia-141.jpg 683w, https:\/\/ludces.com.br\/wp-content\/uploads\/2023\/05\/enzo_jun2021_ludcesfotografia-141-200x300.jpg 200w\" sizes=\"(max-width: 683px) 100vw, 683px\" \/><\/figure>\n\n\n\n<figure class=\"wp-block-image size-large\"><img decoding=\"async\" loading=\"lazy\" width=\"1024\" height=\"683\" data-id=\"1034\"  src=\"https:\/\/ludces.com.br\/wp-content\/uploads\/2023\/05\/enzo_jun2021_ludcesfotografia-184.jpg\" alt=\"\" class=\"wp-image-1034\" srcset=\"https:\/\/ludces.com.br\/wp-content\/uploads\/2023\/05\/enzo_jun2021_ludcesfotografia-184.jpg 1024w, https:\/\/ludces.com.br\/wp-content\/uploads\/2023\/05\/enzo_jun2021_ludcesfotografia-184-300x200.jpg 300w, https:\/\/ludces.com.br\/wp-content\/uploads\/2023\/05\/enzo_jun2021_ludcesfotografia-184-768x512.jpg 768w\" sizes=\"(max-width: 1024px) 100vw, 1024px\" \/><\/figure>\n\n\n\n<figure class=\"wp-block-image size-large\"><img decoding=\"async\" loading=\"lazy\" width=\"683\" height=\"1024\" data-id=\"1086\"  src=\"https:\/\/ludces.com.br\/wp-content\/uploads\/2023\/05\/casamentoliviadiego-ludcesfotografia-2022-128-683x1024.jpg\" alt=\"\" class=\"wp-image-1086\" srcset=\"https:\/\/ludces.com.br\/wp-content\/uploads\/2023\/05\/casamentoliviadiego-ludcesfotografia-2022-128-683x1024.jpg 683w, https:\/\/ludces.com.br\/wp-content\/uploads\/2023\/05\/casamentoliviadiego-ludcesfotografia-2022-128-200x300.jpg 200w, https:\/\/ludces.com.br\/wp-content\/uploads\/2023\/05\/casamentoliviadiego-ludcesfotografia-2022-128-768x1152.jpg 768w, https:\/\/ludces.com.br\/wp-content\/uploads\/2023\/05\/casamentoliviadiego-ludcesfotografia-2022-128-1024x1536.jpg 1024w, https:\/\/ludces.com.br\/wp-content\/uploads\/2023\/05\/casamentoliviadiego-ludcesfotografia-2022-128.jpg 1138w\" sizes=\"(max-width: 683px) 100vw, 683px\" \/><\/figure>\n\n\n\n<figure class=\"wp-block-image size-large\"><img decoding=\"async\" loading=\"lazy\" width=\"683\" height=\"1024\" data-id=\"1041\"  src=\"https:\/\/ludces.com.br\/wp-content\/uploads\/2023\/05\/enzo05anos_ludcesfotografia-129.jpg\" alt=\"\" class=\"wp-image-1041\" srcset=\"https:\/\/ludces.com.br\/wp-content\/uploads\/2023\/05\/enzo05anos_ludcesfotografia-129.jpg 683w, https:\/\/ludces.com.br\/wp-content\/uploads\/2023\/05\/enzo05anos_ludcesfotografia-129-200x300.jpg 200w\" sizes=\"(max-width: 683px) 100vw, 683px\" \/><\/figure>\n\n\n\n<figure class=\"wp-block-image size-large\"><img decoding=\"async\" loading=\"lazy\" width=\"683\" height=\"1024\" data-id=\"1040\"  src=\"https:\/\/ludces.com.br\/wp-content\/uploads\/2023\/05\/enzo05anos_ludcesfotografia-111.jpg\" alt=\"\" class=\"wp-image-1040\" srcset=\"https:\/\/ludces.com.br\/wp-content\/uploads\/2023\/05\/enzo05anos_ludcesfotografia-111.jpg 683w, https:\/\/ludces.com.br\/wp-content\/uploads\/2023\/05\/enzo05anos_ludcesfotografia-111-200x300.jpg 200w\" sizes=\"(max-width: 683px) 100vw, 683px\" \/><\/figure>\n\n\n\n<figure class=\"wp-block-image size-large\"><img decoding=\"async\" loading=\"lazy\" width=\"1024\" height=\"683\" data-id=\"1070\"  src=\"https:\/\/ludces.com.br\/wp-content\/uploads\/2023\/05\/eventos_festas_riodejaneiro_ludces-100-1024x683.jpg\" alt=\"\" class=\"wp-image-1070\" srcset=\"https:\/\/ludces.com.br\/wp-content\/uploads\/2023\/05\/eventos_festas_riodejaneiro_ludces-100-1024x683.jpg 1024w, https:\/\/ludces.com.br\/wp-content\/uploads\/2023\/05\/eventos_festas_riodejaneiro_ludces-100-300x200.jpg 300w, https:\/\/ludces.com.br\/wp-content\/uploads\/2023\/05\/eventos_festas_riodejaneiro_ludces-100-768x512.jpg 768w, https:\/\/ludces.com.br\/wp-content\/uploads\/2023\/05\/eventos_festas_riodejaneiro_ludces-100-1536x1024.jpg 1536w, https:\/\/ludces.com.br\/wp-content\/uploads\/2023\/05\/eventos_festas_riodejaneiro_ludces-100.jpg 1620w\" sizes=\"(max-width: 1024px) 100vw, 1024px\" \/><\/figure>\n\n\n\n<figure class=\"wp-block-image size-large\"><img decoding=\"async\" loading=\"lazy\" width=\"1024\" height=\"683\" data-id=\"1069\"  src=\"https:\/\/ludces.com.br\/wp-content\/uploads\/2023\/05\/eventos_festas_riodejaneiro_ludces-103-1024x683.jpg\" alt=\"\" class=\"wp-image-1069\" srcset=\"https:\/\/ludces.com.br\/wp-content\/uploads\/2023\/05\/eventos_festas_riodejaneiro_ludces-103-1024x683.jpg 1024w, https:\/\/ludces.com.br\/wp-content\/uploads\/2023\/05\/eventos_festas_riodejaneiro_ludces-103-300x200.jpg 300w, https:\/\/ludces.com.br\/wp-content\/uploads\/2023\/05\/eventos_festas_riodejaneiro_ludces-103-768x512.jpg 768w, https:\/\/ludces.com.br\/wp-content\/uploads\/2023\/05\/eventos_festas_riodejaneiro_ludces-103-1536x1024.jpg 1536w, https:\/\/ludces.com.br\/wp-content\/uploads\/2023\/05\/eventos_festas_riodejaneiro_ludces-103.jpg 2048w\" sizes=\"(max-width: 1024px) 100vw, 1024px\" \/><\/figure>\n\n\n\n<figure class=\"wp-block-image size-large\"><img decoding=\"async\" loading=\"lazy\" width=\"1024\" height=\"683\" data-id=\"1067\"  src=\"https:\/\/ludces.com.br\/wp-content\/uploads\/2023\/05\/eventos_festas_riodejaneiro_ludces-106-1024x683.jpg\" alt=\"\" class=\"wp-image-1067\" srcset=\"https:\/\/ludces.com.br\/wp-content\/uploads\/2023\/05\/eventos_festas_riodejaneiro_ludces-106-1024x683.jpg 1024w, https:\/\/ludces.com.br\/wp-content\/uploads\/2023\/05\/eventos_festas_riodejaneiro_ludces-106-300x200.jpg 300w, https:\/\/ludces.com.br\/wp-content\/uploads\/2023\/05\/eventos_festas_riodejaneiro_ludces-106-768x512.jpg 768w, https:\/\/ludces.com.br\/wp-content\/uploads\/2023\/05\/eventos_festas_riodejaneiro_ludces-106-1536x1024.jpg 1536w, https:\/\/ludces.com.br\/wp-content\/uploads\/2023\/05\/eventos_festas_riodejaneiro_ludces-106.jpg 2048w\" sizes=\"(max-width: 1024px) 100vw, 1024px\" \/><\/figure>\n\n\n\n<figure class=\"wp-block-image size-large\"><img decoding=\"async\" loading=\"lazy\" width=\"1024\" height=\"683\" data-id=\"1068\"  src=\"https:\/\/ludces.com.br\/wp-content\/uploads\/2023\/05\/eventos_festas_riodejaneiro_ludces-102-1024x683.jpg\" alt=\"\" class=\"wp-image-1068\" srcset=\"https:\/\/ludces.com.br\/wp-content\/uploads\/2023\/05\/eventos_festas_riodejaneiro_ludces-102-1024x683.jpg 1024w, https:\/\/ludces.com.br\/wp-content\/uploads\/2023\/05\/eventos_festas_riodejaneiro_ludces-102-300x200.jpg 300w, https:\/\/ludces.com.br\/wp-content\/uploads\/2023\/05\/eventos_festas_riodejaneiro_ludces-102-768x512.jpg 768w, https:\/\/ludces.com.br\/wp-content\/uploads\/2023\/05\/eventos_festas_riodejaneiro_ludces-102-1536x1024.jpg 1536w, https:\/\/ludces.com.br\/wp-content\/uploads\/2023\/05\/eventos_festas_riodejaneiro_ludces-102.jpg 2048w\" sizes=\"(max-width: 1024px) 100vw, 1024px\" \/><\/figure>\n\n\n\n<figure class=\"wp-block-image size-large\"><img decoding=\"async\" loading=\"lazy\" width=\"683\" height=\"683\" data-id=\"1092\"  src=\"https:\/\/ludces.com.br\/wp-content\/uploads\/2023\/05\/previasgael_maio2021_ludcesfotografia-107-edited.jpg\" alt=\"\" class=\"wp-image-1092\" srcset=\"https:\/\/ludces.com.br\/wp-content\/uploads\/2023\/05\/previasgael_maio2021_ludcesfotografia-107-edited.jpg 683w, https:\/\/ludces.com.br\/wp-content\/uploads\/2023\/05\/previasgael_maio2021_ludcesfotografia-107-edited-300x300.jpg 300w, https:\/\/ludces.com.br\/wp-content\/uploads\/2023\/05\/previasgael_maio2021_ludcesfotografia-107-edited-150x150.jpg 150w\" sizes=\"(max-width: 683px) 100vw, 683px\" \/><\/figure>\n\n\n\n<figure class=\"wp-block-image size-large\"><img decoding=\"async\" loading=\"lazy\" width=\"683\" height=\"1024\" data-id=\"1085\"  src=\"https:\/\/ludces.com.br\/wp-content\/uploads\/2023\/05\/casamentoliviadiego-ludcesfotografia-2022-181-683x1024.jpg\" alt=\"\" class=\"wp-image-1085\" srcset=\"https:\/\/ludces.com.br\/wp-content\/uploads\/2023\/05\/casamentoliviadiego-ludcesfotografia-2022-181-683x1024.jpg 683w, https:\/\/ludces.com.br\/wp-content\/uploads\/2023\/05\/casamentoliviadiego-ludcesfotografia-2022-181-200x300.jpg 200w, https:\/\/ludces.com.br\/wp-content\/uploads\/2023\/05\/casamentoliviadiego-ludcesfotografia-2022-181-768x1152.jpg 768w, https:\/\/ludces.com.br\/wp-content\/uploads\/2023\/05\/casamentoliviadiego-ludcesfotografia-2022-181-1024x1536.jpg 1024w, https:\/\/ludces.com.br\/wp-content\/uploads\/2023\/05\/casamentoliviadiego-ludcesfotografia-2022-181.jpg 1138w\" sizes=\"(max-width: 683px) 100vw, 683px\" \/><\/figure>\n\n\n\n<figure class=\"wp-block-image size-large\"><img decoding=\"async\" loading=\"lazy\" width=\"1024\" height=\"683\" data-id=\"1065\"  src=\"https:\/\/ludces.com.br\/wp-content\/uploads\/2023\/05\/eventos_festas_riodejaneiro_ludces-108-1024x683.jpg\" alt=\"\" class=\"wp-image-1065\" srcset=\"https:\/\/ludces.com.br\/wp-content\/uploads\/2023\/05\/eventos_festas_riodejaneiro_ludces-108-1024x683.jpg 1024w, https:\/\/ludces.com.br\/wp-content\/uploads\/2023\/05\/eventos_festas_riodejaneiro_ludces-108-300x200.jpg 300w, https:\/\/ludces.com.br\/wp-content\/uploads\/2023\/05\/eventos_festas_riodejaneiro_ludces-108-768x512.jpg 768w, https:\/\/ludces.com.br\/wp-content\/uploads\/2023\/05\/eventos_festas_riodejaneiro_ludces-108-1536x1024.jpg 1536w, https:\/\/ludces.com.br\/wp-content\/uploads\/2023\/05\/eventos_festas_riodejaneiro_ludces-108.jpg 2048w\" sizes=\"(max-width: 1024px) 100vw, 1024px\" \/><\/figure>\n\n\n\n<figure class=\"wp-block-image size-large\"><img decoding=\"async\" loading=\"lazy\" width=\"1024\" height=\"683\" data-id=\"1064\"  src=\"https:\/\/ludces.com.br\/wp-content\/uploads\/2023\/05\/eventos_festas_riodejaneiro_ludces-109-1024x683.jpg\" alt=\"\" class=\"wp-image-1064\" srcset=\"https:\/\/ludces.com.br\/wp-content\/uploads\/2023\/05\/eventos_festas_riodejaneiro_ludces-109-1024x683.jpg 1024w, https:\/\/ludces.com.br\/wp-content\/uploads\/2023\/05\/eventos_festas_riodejaneiro_ludces-109-300x200.jpg 300w, https:\/\/ludces.com.br\/wp-content\/uploads\/2023\/05\/eventos_festas_riodejaneiro_ludces-109-768x512.jpg 768w, https:\/\/ludces.com.br\/wp-content\/uploads\/2023\/05\/eventos_festas_riodejaneiro_ludces-109-1536x1024.jpg 1536w, https:\/\/ludces.com.br\/wp-content\/uploads\/2023\/05\/eventos_festas_riodejaneiro_ludces-109.jpg 2048w\" sizes=\"(max-width: 1024px) 100vw, 1024px\" \/><\/figure>\n\n\n\n<figure class=\"wp-block-image size-large\"><img decoding=\"async\" loading=\"lazy\" width=\"1024\" height=\"683\" data-id=\"1019\"  src=\"https:\/\/ludces.com.br\/wp-content\/uploads\/2023\/05\/previasgael_maio2021_ludcesfotografia-105.jpg\" alt=\"\" class=\"wp-image-1019\" srcset=\"https:\/\/ludces.com.br\/wp-content\/uploads\/2023\/05\/previasgael_maio2021_ludcesfotografia-105.jpg 1024w, https:\/\/ludces.com.br\/wp-content\/uploads\/2023\/05\/previasgael_maio2021_ludcesfotografia-105-300x200.jpg 300w, https:\/\/ludces.com.br\/wp-content\/uploads\/2023\/05\/previasgael_maio2021_ludcesfotografia-105-768x512.jpg 768w\" sizes=\"(max-width: 1024px) 100vw, 1024px\" \/><\/figure>\n\n\n\n<figure class=\"wp-block-image size-large\"><img decoding=\"async\" loading=\"lazy\" width=\"1024\" height=\"683\" data-id=\"1021\"  src=\"https:\/\/ludces.com.br\/wp-content\/uploads\/2023\/05\/previasgael_maio2021_ludcesfotografia-108.jpg\" alt=\"\" class=\"wp-image-1021\" srcset=\"https:\/\/ludces.com.br\/wp-content\/uploads\/2023\/05\/previasgael_maio2021_ludcesfotografia-108.jpg 1024w, https:\/\/ludces.com.br\/wp-content\/uploads\/2023\/05\/previasgael_maio2021_ludcesfotografia-108-300x200.jpg 300w, https:\/\/ludces.com.br\/wp-content\/uploads\/2023\/05\/previasgael_maio2021_ludcesfotografia-108-768x512.jpg 768w\" sizes=\"(max-width: 1024px) 100vw, 1024px\" \/><\/figure>\n\n\n\n<figure class=\"wp-block-image size-large\"><img decoding=\"async\" loading=\"lazy\" width=\"683\" height=\"1024\" data-id=\"978\"  src=\"https:\/\/ludces.com.br\/wp-content\/uploads\/2023\/05\/2anosLuizhenrique_abril2022_ludcesfotografia-210.jpg\" alt=\"\" class=\"wp-image-978\" srcset=\"https:\/\/ludces.com.br\/wp-content\/uploads\/2023\/05\/2anosLuizhenrique_abril2022_ludcesfotografia-210.jpg 683w, https:\/\/ludces.com.br\/wp-content\/uploads\/2023\/05\/2anosLuizhenrique_abril2022_ludcesfotografia-210-200x300.jpg 200w\" sizes=\"(max-width: 683px) 100vw, 683px\" \/><\/figure>\n\n\n\n<figure class=\"wp-block-image size-large\"><img decoding=\"async\" loading=\"lazy\" width=\"683\" height=\"1024\" data-id=\"975\"  src=\"https:\/\/ludces.com.br\/wp-content\/uploads\/2023\/05\/2anosLuizhenrique_abril2022_ludcesfotografia-164.jpg\" alt=\"\" class=\"wp-image-975\" srcset=\"https:\/\/ludces.com.br\/wp-content\/uploads\/2023\/05\/2anosLuizhenrique_abril2022_ludcesfotografia-164.jpg 683w, https:\/\/ludces.com.br\/wp-content\/uploads\/2023\/05\/2anosLuizhenrique_abril2022_ludcesfotografia-164-200x300.jpg 200w\" sizes=\"(max-width: 683px) 100vw, 683px\" \/><\/figure>\n\n\n\n<figure class=\"wp-block-image size-large\"><img decoding=\"async\" loading=\"lazy\" width=\"1024\" height=\"683\" data-id=\"977\"  src=\"https:\/\/ludces.com.br\/wp-content\/uploads\/2023\/05\/2anosLuizhenrique_abril2022_ludcesfotografia-180.jpg\" alt=\"\" class=\"wp-image-977\" srcset=\"https:\/\/ludces.com.br\/wp-content\/uploads\/2023\/05\/2anosLuizhenrique_abril2022_ludcesfotografia-180.jpg 1024w, https:\/\/ludces.com.br\/wp-content\/uploads\/2023\/05\/2anosLuizhenrique_abril2022_ludcesfotografia-180-300x200.jpg 300w, https:\/\/ludces.com.br\/wp-content\/uploads\/2023\/05\/2anosLuizhenrique_abril2022_ludcesfotografia-180-768x512.jpg 768w\" sizes=\"(max-width: 1024px) 100vw, 1024px\" \/><\/figure>\n\n\n\n<figure class=\"wp-block-image size-large\"><img decoding=\"async\" loading=\"lazy\" width=\"1024\" height=\"683\" data-id=\"979\"  src=\"https:\/\/ludces.com.br\/wp-content\/uploads\/2023\/05\/2anosLuizhenrique_abril2022_ludcesfotografia-295.jpg\" alt=\"\" class=\"wp-image-979\" srcset=\"https:\/\/ludces.com.br\/wp-content\/uploads\/2023\/05\/2anosLuizhenrique_abril2022_ludcesfotografia-295.jpg 1024w, https:\/\/ludces.com.br\/wp-content\/uploads\/2023\/05\/2anosLuizhenrique_abril2022_ludcesfotografia-295-300x200.jpg 300w, https:\/\/ludces.com.br\/wp-content\/uploads\/2023\/05\/2anosLuizhenrique_abril2022_ludcesfotografia-295-768x512.jpg 768w\" sizes=\"(max-width: 1024px) 100vw, 1024px\" \/><\/figure>\n\n\n\n<figure class=\"wp-block-image size-large\"><img decoding=\"async\" loading=\"lazy\" width=\"1024\" height=\"683\" data-id=\"976\"  src=\"https:\/\/ludces.com.br\/wp-content\/uploads\/2023\/05\/2anosLuizhenrique_abril2022_ludcesfotografia-166.jpg\" alt=\"\" class=\"wp-image-976\" srcset=\"https:\/\/ludces.com.br\/wp-content\/uploads\/2023\/05\/2anosLuizhenrique_abril2022_ludcesfotografia-166.jpg 1024w, https:\/\/ludces.com.br\/wp-content\/uploads\/2023\/05\/2anosLuizhenrique_abril2022_ludcesfotografia-166-300x200.jpg 300w, https:\/\/ludces.com.br\/wp-content\/uploads\/2023\/05\/2anosLuizhenrique_abril2022_ludcesfotografia-166-768x512.jpg 768w\" sizes=\"(max-width: 1024px) 100vw, 1024px\" \/><\/figure>\n\n\n\n<figure class=\"wp-block-image size-large\"><img decoding=\"async\" loading=\"lazy\" width=\"1024\" height=\"683\" data-id=\"974\"  src=\"https:\/\/ludces.com.br\/wp-content\/uploads\/2023\/05\/2anosLuizhenrique_abril2022_ludcesfotografia-153.jpg\" alt=\"\" class=\"wp-image-974\" srcset=\"https:\/\/ludces.com.br\/wp-content\/uploads\/2023\/05\/2anosLuizhenrique_abril2022_ludcesfotografia-153.jpg 1024w, https:\/\/ludces.com.br\/wp-content\/uploads\/2023\/05\/2anosLuizhenrique_abril2022_ludcesfotografia-153-300x200.jpg 300w, https:\/\/ludces.com.br\/wp-content\/uploads\/2023\/05\/2anosLuizhenrique_abril2022_ludcesfotografia-153-768x512.jpg 768w\" sizes=\"(max-width: 1024px) 100vw, 1024px\" \/><\/figure>\n\n\n\n<figure class=\"wp-block-image size-large\"><img decoding=\"async\" loading=\"lazy\" width=\"683\" height=\"1024\" data-id=\"973\"  src=\"https:\/\/ludces.com.br\/wp-content\/uploads\/2023\/05\/2anosLuizhenrique_abril2022_ludcesfotografia-152.jpg\" alt=\"\" class=\"wp-image-973\" srcset=\"https:\/\/ludces.com.br\/wp-content\/uploads\/2023\/05\/2anosLuizhenrique_abril2022_ludcesfotografia-152.jpg 683w, https:\/\/ludces.com.br\/wp-content\/uploads\/2023\/05\/2anosLuizhenrique_abril2022_ludcesfotografia-152-200x300.jpg 200w\" sizes=\"(max-width: 683px) 100vw, 683px\" \/><\/figure>\n\n\n\n<figure class=\"wp-block-image size-large\"><img decoding=\"async\" loading=\"lazy\" width=\"683\" height=\"1024\" data-id=\"972\"  src=\"https:\/\/ludces.com.br\/wp-content\/uploads\/2023\/05\/2anosLuizhenrique_abril2022_ludcesfotografia-130.jpg\" alt=\"\" class=\"wp-image-972\" srcset=\"https:\/\/ludces.com.br\/wp-content\/uploads\/2023\/05\/2anosLuizhenrique_abril2022_ludcesfotografia-130.jpg 683w, https:\/\/ludces.com.br\/wp-content\/uploads\/2023\/05\/2anosLuizhenrique_abril2022_ludcesfotografia-130-200x300.jpg 200w\" sizes=\"(max-width: 683px) 100vw, 683px\" \/><\/figure>\n\n\n\n<figure class=\"wp-block-image size-large\"><img decoding=\"async\" loading=\"lazy\" width=\"1024\" height=\"683\" data-id=\"971\"  src=\"https:\/\/ludces.com.br\/wp-content\/uploads\/2023\/05\/2anosLuizhenrique_abril2022_ludcesfotografia-117.jpg\" alt=\"\" class=\"wp-image-971\" srcset=\"https:\/\/ludces.com.br\/wp-content\/uploads\/2023\/05\/2anosLuizhenrique_abril2022_ludcesfotografia-117.jpg 1024w, https:\/\/ludces.com.br\/wp-content\/uploads\/2023\/05\/2anosLuizhenrique_abril2022_ludcesfotografia-117-300x200.jpg 300w, https:\/\/ludces.com.br\/wp-content\/uploads\/2023\/05\/2anosLuizhenrique_abril2022_ludcesfotografia-117-768x512.jpg 768w\" sizes=\"(max-width: 1024px) 100vw, 1024px\" \/><\/figure>\n\n\n\n<figure class=\"wp-block-image size-large\"><img decoding=\"async\" loading=\"lazy\" width=\"1024\" height=\"683\" data-id=\"967\"  src=\"https:\/\/ludces.com.br\/wp-content\/uploads\/2023\/05\/decoracao-32-1024x683.jpg\" alt=\"\" class=\"wp-image-967\" srcset=\"https:\/\/ludces.com.br\/wp-content\/uploads\/2023\/05\/decoracao-32-1024x683.jpg 1024w, https:\/\/ludces.com.br\/wp-content\/uploads\/2023\/05\/decoracao-32-300x200.jpg 300w, https:\/\/ludces.com.br\/wp-content\/uploads\/2023\/05\/decoracao-32-768x512.jpg 768w, https:\/\/ludces.com.br\/wp-content\/uploads\/2023\/05\/decoracao-32-1536x1024.jpg 1536w, https:\/\/ludces.com.br\/wp-content\/uploads\/2023\/05\/decoracao-32.jpg 2048w\" sizes=\"(max-width: 1024px) 100vw, 1024px\" \/><\/figure>\n\n\n\n<figure class=\"wp-block-image size-large\"><img decoding=\"async\" loading=\"lazy\" width=\"1024\" height=\"683\" data-id=\"1198\"  src=\"https:\/\/ludces.com.br\/wp-content\/uploads\/2023\/05\/ambarcompany_flashdayl_ludcesfotografia_dez2022-201.jpg\" alt=\"\" class=\"wp-image-1198\" srcset=\"https:\/\/ludces.com.br\/wp-content\/uploads\/2023\/05\/ambarcompany_flashdayl_ludcesfotografia_dez2022-201.jpg 1024w, https:\/\/ludces.com.br\/wp-content\/uploads\/2023\/05\/ambarcompany_flashdayl_ludcesfotografia_dez2022-201-300x200.jpg 300w, https:\/\/ludces.com.br\/wp-content\/uploads\/2023\/05\/ambarcompany_flashdayl_ludcesfotografia_dez2022-201-768x512.jpg 768w\" sizes=\"(max-width: 1024px) 100vw, 1024px\" \/><\/figure>\n\n\n\n<figure class=\"wp-block-image size-large\"><img decoding=\"async\" loading=\"lazy\" width=\"683\" height=\"1024\" data-id=\"1199\"  src=\"https:\/\/ludces.com.br\/wp-content\/uploads\/2023\/05\/finaisambar-138-683x1024.jpg\" alt=\"\" class=\"wp-image-1199\" srcset=\"https:\/\/ludces.com.br\/wp-content\/uploads\/2023\/05\/finaisambar-138-683x1024.jpg 683w, https:\/\/ludces.com.br\/wp-content\/uploads\/2023\/05\/finaisambar-138-200x300.jpg 200w, https:\/\/ludces.com.br\/wp-content\/uploads\/2023\/05\/finaisambar-138.jpg 720w\" sizes=\"(max-width: 683px) 100vw, 683px\" \/><\/figure>\n<\/figure>\n","protected":false},"excerpt":{"rendered":"","protected":false},"author":1,"featured_media":0,"parent":0,"menu_order":0,"comment_status":"closed","ping_status":"closed","template":"","meta":{"_uag_custom_page_level_css":"","site-sidebar-layout":"default","site-content-layout":"default","ast-global-header-display":"","ast-banner-title-visibility":"","ast-main-header-display":"","ast-hfb-above-header-display":"","ast-hfb-below-header-display":"","ast-hfb-mobile-header-display":"","site-post-title":"disabled","ast-breadcrumbs-content":"","ast-featured-img":"","footer-sml-layout":"","theme-transparent-header-meta":"","adv-header-id-meta":"","stick-header-meta":"","header-above-stick-meta":"","header-main-stick-meta":"","header-below-stick-meta":""},"uagb_featured_image_src":{"full":false,"thumbnail":false,"medium":false,"medium_large":false,"large":false,"1536x1536":false,"2048x2048":false},"uagb_author_info":{"display_name":"erikawerneckb@gmail.com","author_link":"https:\/\/ludces.com.br\/?author=1"},"uagb_comment_info":0,"uagb_excerpt":null,"_links":{"self":[{"href":"https:\/\/ludces.com.br\/index.php?rest_route=\/wp\/v2\/pages\/1186"}],"collection":[{"href":"https:\/\/ludces.com.br\/index.php?rest_route=\/wp\/v2\/pages"}],"about":[{"href":"https:\/\/ludces.com.br\/index.php?rest_route=\/wp\/v2\/types\/page"}],"author":[{"embeddable":true,"href":"https:\/\/ludces.com.br\/index.php?rest_route=\/wp\/v2\/users\/1"}],"replies":[{"embeddable":true,"href":"https:\/\/ludces.com.br\/index.php?rest_route=%2Fwp%2Fv2%2Fcomments&post=1186"}],"version-history":[{"count":3,"href":"https:\/\/ludces.com.br\/index.php?rest_route=\/wp\/v2\/pages\/1186\/revisions"}],"predecessor-version":[{"id":1200,"href":"https:\/\/ludces.com.br\/index.php?rest_route=\/wp\/v2\/pages\/1186\/revisions\/1200"}],"wp:attachment":[{"href":"https:\/\/ludces.com.br\/index.php?rest_route=%2Fwp%2Fv2%2Fmedia&parent=1186"}],"curies":[{"name":"wp","href":"https:\/\/api.w.org\/{rel}","templated":true}]}}